{"id":30,"date":"2018-01-19T18:37:49","date_gmt":"2018-01-19T18:37:49","guid":{"rendered":"http:\/\/10.100.0.251\/icec\/?page_id=30"},"modified":"2018-03-14T20:49:11","modified_gmt":"2018-03-14T20:49:11","slug":"quienes-somos","status":"publish","type":"page","link":"https:\/\/icec.umag.cl\/?page_id=30","title":{"rendered":"Quienes Somos"},"content":{"rendered":"\t\t<div data-elementor-type=\"wp-page\" data-elementor-id=\"30\" class=\"elementor elementor-30 elementor-bc-flex-widget\" data-elementor-settings=\"[]\">\n\t\t\t\t\t\t<div class=\"elementor-inner\">\n\t\t\t\t\t\t\t<div class=\"elementor-section-wrap\">\n\t\t\t\t\t\t\t<section class=\"elementor-section elementor-top-section elementor-element elementor-element-19eb63c elementor-section-boxed elementor-section-height-default elementor-section-height-default\" data-id=\"19eb63c\" data-element_type=\"section\">\n\t\t\t\t\t\t<div class=\"elementor-container elementor-column-gap-default\">\n\t\t\t\t\t\t\t<div class=\"elementor-row\">\n\t\t\t\t\t<div class=\"elementor-column elementor-col-100 elementor-top-column elementor-element elementor-element-a802f1b\" data-id=\"a802f1b\" data-element_type=\"column\">\n\t\t\t<div class=\"elementor-column-wrap elementor-element-populated\">\n\t\t\t\t\t\t\t<div class=\"elementor-widget-wrap\">\n\t\t\t\t\t\t<div class=\"elementor-element elementor-element-fbb1b06 elementor-widget elementor-widget-text-editor\" data-id=\"fbb1b06\" data-element_type=\"widget\" data-widget_type=\"text-editor.default\">\n\t\t\t\t<div class=\"elementor-widget-container\">\n\t\t\t\t\t<div class=\"elementor-text-editor elementor-clearfix\"><p>El Programa ICEC es una iniciativa de innovaci\u00f3n pedag\u00f3gica orientada a la mejora de la calidad de la educaci\u00f3n en ciencias que surge en el marco de la Agenda de Fortalecimiento de la Educaci\u00f3n P\u00fablica (FEP). El Programa ICEC tiene por objeto mejorar la calidad de la ense\u00f1anza y el aprendizaje de las Ciencias Naturales en escuelas urbanas y rurales y liceos p\u00fablicos, utilizando la Indagaci\u00f3n Cient\u00edfica como enfoque de ense\u00f1anza.\u00a0<\/p><\/div>\n\t\t\t\t<\/div>\n\t\t\t\t<\/div>\n\t\t\t\t\t\t<\/div>\n\t\t\t\t\t<\/div>\n\t\t<\/div>\n\t\t\t\t\t\t\t\t<\/div>\n\t\t\t\t\t<\/div>\n\t\t<\/section>\n\t\t\t\t<section class=\"elementor-section elementor-top-section elementor-element elementor-element-fb3d059 elementor-section-boxed elementor-section-height-default elementor-section-height-default\" data-id=\"fb3d059\" data-element_type=\"section\">\n\t\t\t\t\t\t<div class=\"elementor-container elementor-column-gap-default\">\n\t\t\t\t\t\t\t<div class=\"elementor-row\">\n\t\t\t\t\t<div class=\"elementor-column elementor-col-100 elementor-top-column elementor-element elementor-element-785f705\" data-id=\"785f705\" data-element_type=\"column\">\n\t\t\t<div class=\"elementor-column-wrap elementor-element-populated\">\n\t\t\t\t\t\t\t<div class=\"elementor-widget-wrap\">\n\t\t\t\t\t\t<div class=\"elementor-element elementor-element-1b2a69c elementor-widget elementor-widget-text-editor\" data-id=\"1b2a69c\" data-element_type=\"widget\" data-widget_type=\"text-editor.default\">\n\t\t\t\t<div class=\"elementor-widget-container\">\n\t\t\t\t\t<div class=\"elementor-text-editor elementor-clearfix\"><p>El Programa ICEC, re\u00fane por primera vez en Chile a tres niveles educativos para reflexionar en forma conjunta sobre la ciencia y su ense\u00f1anza desde una mirada de trayectoria educativa que inicia en los dos primeros niveles de transici\u00f3n, incluye toda la educaci\u00f3n b\u00e1sica y alcanza hasta 2\u00b0 a\u00f1o de educaci\u00f3n media. Este trabajo reflexivo se realiza en una triada que integra al Ministerio de Educaci\u00f3n, la Escuela y el mundo acad\u00e9mico (universidades) permitiendo a educadoras y docentes tomar un rol protag\u00f3nico para asumir los desaf\u00edos de la educaci\u00f3n en ciencias en su comuna y su regi\u00f3n en el marco de una iniciativa que valora sus saberes y experiencias y las integra en un proceso sistem\u00e1tico de reflexi\u00f3n con otros en torno a su pr\u00e1ctica pedag\u00f3gica para buscar soluciones que sus problem\u00e1ticas desde sus propias competencias y en contexto local.<\/p><\/div>\n\t\t\t\t<\/div>\n\t\t\t\t<\/div>\n\t\t\t\t\t\t<\/div>\n\t\t\t\t\t<\/div>\n\t\t<\/div>\n\t\t\t\t\t\t\t\t<\/div>\n\t\t\t\t\t<\/div>\n\t\t<\/section>\n\t\t\t\t<section class=\"elementor-section elementor-top-section elementor-element elementor-element-aa0601b elementor-section-boxed elementor-section-height-default elementor-section-height-default\" data-id=\"aa0601b\" data-element_type=\"section\">\n\t\t\t\t\t\t<div class=\"elementor-container elementor-column-gap-default\">\n\t\t\t\t\t\t\t<div class=\"elementor-row\">\n\t\t\t\t\t<div class=\"elementor-column elementor-col-100 elementor-top-column elementor-element elementor-element-8dd8102\" data-id=\"8dd8102\" data-element_type=\"column\">\n\t\t\t<div class=\"elementor-column-wrap elementor-element-populated\">\n\t\t\t\t\t\t\t<div class=\"elementor-widget-wrap\">\n\t\t\t\t\t\t<div class=\"elementor-element elementor-element-97fc2d1 elementor-widget elementor-widget-spacer\" data-id=\"97fc2d1\" data-element_type=\"widget\" data-widget_type=\"spacer.default\">\n\t\t\t\t<div class=\"elementor-widget-container\">\n\t\t\t\t\t<div class=\"elementor-spacer\">\n\t\t\t<div class=\"elementor-spacer-inner\"><\/div>\n\t\t<\/div>\n\t\t\t\t<\/div>\n\t\t\t\t<\/div>\n\t\t\t\t\t\t<\/div>\n\t\t\t\t\t<\/div>\n\t\t<\/div>\n\t\t\t\t\t\t\t\t<\/div>\n\t\t\t\t\t<\/div>\n\t\t<\/section>\n\t\t\t\t<section class=\"elementor-section elementor-top-section elementor-element elementor-element-0f770a2 elementor-section-boxed elementor-section-height-default elementor-section-height-default\" data-id=\"0f770a2\" data-element_type=\"section\">\n\t\t\t\t\t\t<div class=\"elementor-container elementor-column-gap-default\">\n\t\t\t\t\t\t\t<div class=\"elementor-row\">\n\t\t\t\t\t<div class=\"elementor-column elementor-col-100 elementor-top-column elementor-element elementor-element-3a814b2\" data-id=\"3a814b2\" data-element_type=\"column\">\n\t\t\t<div class=\"elementor-column-wrap elementor-element-populated\">\n\t\t\t\t\t\t\t<div class=\"elementor-widget-wrap\">\n\t\t\t\t\t\t<div class=\"elementor-element elementor-element-8774564 elementor-widget elementor-widget-image\" data-id=\"8774564\" data-element_type=\"widget\" data-widget_type=\"image.default\">\n\t\t\t\t<div class=\"elementor-widget-container\">\n\t\t\t\t\t<div class=\"elementor-image\">\n\t\t\t\t\t\t\t\t\t\t<img width=\"768\" height=\"576\" src=\"https:\/\/icec.umag.cl\/wp-content\/uploads\/2018\/03\/19577249_328382787645937_2335139350432288947_o-768x576.jpg\" class=\"attachment-medium_large size-medium_large\" alt=\"\" loading=\"lazy\" srcset=\"https:\/\/icec.umag.cl\/wp-content\/uploads\/2018\/03\/19577249_328382787645937_2335139350432288947_o-768x576.jpg 768w, https:\/\/icec.umag.cl\/wp-content\/uploads\/2018\/03\/19577249_328382787645937_2335139350432288947_o-300x225.jpg 300w, https:\/\/icec.umag.cl\/wp-content\/uploads\/2018\/03\/19577249_328382787645937_2335139350432288947_o-1024x768.jpg 1024w, https:\/\/icec.umag.cl\/wp-content\/uploads\/2018\/03\/19577249_328382787645937_2335139350432288947_o.jpg 1440w\" sizes=\"(max-width: 768px) 100vw, 768px\" \/>\t\t\t\t\t\t\t\t\t\t\t<\/div>\n\t\t\t\t<\/div>\n\t\t\t\t<\/div>\n\t\t\t\t\t\t<\/div>\n\t\t\t\t\t<\/div>\n\t\t<\/div>\n\t\t\t\t\t\t\t\t<\/div>\n\t\t\t\t\t<\/div>\n\t\t<\/section>\n\t\t\t\t\t\t<\/div>\n\t\t\t\t\t\t<\/div>\n\t\t\t\t\t<\/div>\n\t\t","protected":false},"excerpt":{"rendered":"<p>El Programa ICEC es una iniciativa de innovaci\u00f3n pedag\u00f3gica orientada a la mejora de la calidad de la educaci\u00f3n en ciencias que surge en el marco de la Agenda de Fortalecimiento de la Educaci\u00f3n P\u00fablica (FEP). El Programa ICEC tiene por objeto mejorar la calidad de la ense\u00f1anza y el aprendizaje de las Ciencias Naturales&hellip; <br \/> <a class=\"read-more\" href=\"https:\/\/icec.umag.cl\/?page_id=30\">Leer m\u00e1s<\/a><\/p>\n","protected":false},"author":1,"featured_media":0,"parent":0,"menu_order":0,"comment_status":"closed","ping_status":"closed","template":"","meta":[],"_links":{"self":[{"href":"https:\/\/icec.umag.cl\/index.php?rest_route=\/wp\/v2\/pages\/30"}],"collection":[{"href":"https:\/\/icec.umag.cl\/index.php?rest_route=\/wp\/v2\/pages"}],"about":[{"href":"https:\/\/icec.umag.cl\/index.php?rest_route=\/wp\/v2\/types\/page"}],"author":[{"embeddable":true,"href":"https:\/\/icec.umag.cl\/index.php?rest_route=\/wp\/v2\/users\/1"}],"replies":[{"embeddable":true,"href":"https:\/\/icec.umag.cl\/index.php?rest_route=%2Fwp%2Fv2%2Fcomments&post=30"}],"version-history":[{"count":5,"href":"https:\/\/icec.umag.cl\/index.php?rest_route=\/wp\/v2\/pages\/30\/revisions"}],"predecessor-version":[{"id":228,"href":"https:\/\/icec.umag.cl\/index.php?rest_route=\/wp\/v2\/pages\/30\/revisions\/228"}],"wp:attachment":[{"href":"https:\/\/icec.umag.cl\/index.php?rest_route=%2Fwp%2Fv2%2Fmedia&parent=30"}],"curies":[{"name":"wp","href":"https:\/\/api.w.org\/{rel}","templated":true}]}}